s(-54).
30
Let l(y) = -2*y**3 + 14*y**2 + 14*y - 73. Give l(8).
-89
Let c(k) = -32*k + 166. What is c(6)?
-26
Let y(u) = -328*u + 2790. Determine y(9).
-162
Let w(h) = -2*h**2 + 270*h + 269. Determine w(136).
-3
Let n(r) = r**3 - 17*r**2 - 13*r + 224. What is n(14)?
-546
Let f(n) = -144*n**2 - 89*n - 175. What is f(-2)?
-573
Let f(k) = -k**2 - 159*k + 1014. Give f(6).
24
Let r(y) = y**3 - 22*y**2 + 21*y - 45. Calculate r(6).
-495
Let p(w) = 55*w + 399. Determine p(-7).
14
Let a(k) = k**2 - 21*k + 29. What is a(23)?
75
Let t(g) = -12*g**2 - 11*g + 5. Give t(-4).
-143
Let w(s) = s**2 + 34*s + 325. Determine w(-13).
52
Let w(j) = 6*j**2 - 35*j - 116. What is w(-3)?
43
Let d(a) = -1819*a - 81846. Give d(-45).
9
Let d(r) = r**2 + 16*r - 46. What is d(-18)?
-10
Let t(h) = -2*h**3 + 5*h**2 - 14*h + 64. Give t(4).
-40
Let j(k) = 1642*k + 27908. Determine j(-17).
-6
Let i(r) = -3488*r + 146505. What is i(42)?
9
Let c(x) = -2*x**3 + 16*x**2 - 11*x - 2. What is c(8)?
-90
Let a(u) = -2*u**3 + 159*u**2 - 883*u - 3. Give a(6).
-9
Let n(z) = 50*z**2 - 7*z + 4. What is n(1)?
47
Let z(l) = 4*l**2 - l - 122. Give z(6).
16
Let r(h) = 954*h - 1. Determine r(0).
-1
Let t(z) = 272*z + 10339. Calculate t(-38).
3
Let o(t) = 3*t**2 - 4*t - 1. Determine o(6).
83
Let g(u) = -321*u - 931. Calculate g(-3).
32
Let f(v) = -13*v**3 - 54*v**2 - 6*v - 10. Give f(-4).
-18
Let m(w) = -7*w**2 + 441*w + 451. Determine m(64).
3
Let c(k) = 630*k - 10723. Calculate c(17).
-13
Let b(m) = -4*m**2 + 16*m + 35. Calculate b(6).
-13
Let x(g) = -7*g**2 - g - 119. What is x(4)?
-235
Let p(q) = -32*q + 2511. What is p(79)?
-17
Let u(d) = -81*d - 323. What is u(-4)?
1
Let n(s) = 2*s**3 + 153*s**2 + 784*s + 216. Determine n(-71).
3
Let h(o) = 287*o**3 - 5*o + 4. Calculate h(1).
286
Let l(h) = h**3 - 57*h**2 + 45*h + 627. Determine l(56).
11
Let m(t) = 16*t**2 + 243*t + 49. What is m(-15)?
4
Let i(z) = 12*z**3 - 25*z**2 + 7*z - 13. What is i(3)?
107
Let d(c) = c**2 + 310*c + 3296. Calculate d(-11).
7
Let r(q) = 5*q**2 - 26*q + 192. Give r(11).
511
Let s(h) = 86*h - 6958. Determine s(81).
8
Let p(y) = -17*y - 3. Determine p(4).
-71
Let g(s) = -8*s**2 - 167*s + 670. Give g(4).
-126
Let p(c) = 8*c**2 - 59*c + 33. Calculate p(8).
73
Let d(p) = p**2 + 19*p - 21. Calculate d(-23).
71
Let k(l) = l**3 + 120*l**2 + 111*l - 967. What is k(-119)?
-15
Let g(c) = 3*c**2 - 11*c - 2. Calculate g(-9).
340
Let i(m) = m**3 + 3*m**2 - 7. Calculate i(-3).
-7
Let c(x) = x**3 + 5*x**2 + 47*x + 326. Determine c(-6).
8
Let k(g) = g**3 + 5*g**2 - 28*g + 22. What is k(2)?
-6
Let q(n) = 2526*n + 70693. Calculate q(-28).
-35
Let d(b) = b**2 + 195*b - 1158. Determine d(6).
48
Let k(b) = -60*b - 708. Calculate k(-6).
-348
Let s(p) = p**3 + 31*p**2 + 102*p + 493. What is s(-28)?
-11
Let j(l) = 19*l - 22. Give j(3).
35
Let r(z) = 2*z**2 - 7*z + 68. Give r(16).
468
Let a(h) = h**3 - 26*h**2 + 109*h - 357. Determine a(22).
105
Let t(p) = -29*p - 498. Give t(-19).
53
Let h(v) = 4*v**2 + 109*v - 231. What is h(-29)?
-28
Let k(n) = n**2 - 51*n - 171. Give k(54).
-9
Let o(n) = -83*n - 6644. Calculate o(-80).
-4
Let y(q) = -q**2 + 1420*q - 5666. What is y(4)?
-2
Let s(u) = u**3 - 8*u**2 - 9*u - 36. What is s(9)?
-36
Let b(t) = 14*t**2 + 6*t - 73. Give b(2).
-5
Let u(c) = c**3 - 5*c**2 + 12*c - 54. Give u(5).
6
Let i(s) = 4*s**2 - 284*s + 1786. What is i(64)?
-6
Let j(f) = -11161*f - 66961. Give j(-6).
5
Let r(l) = -621*l + 8797. Determine r(14).
103
Let b(p) = -p**2 - 31*p - 14. What is b(-26)?
116
Let b(j) = 13*j**2 + 115*j + 4. Give b(-9).
22
Let t(p) = p**3 + p**2 + 13*p + 115. Calculate t(-5).
-50
Let z(c) = -119*c - 747. Give z(-5).
-152
Let b(m) = -3*m**3 - 26*m**2 - 34*m - 321. Give b(-9).
66
Let t(a) = 958*a - 10583. What is t(11)?
-45
Let n(d) = 21*d - 23. Determine n(1).
-2
Let i(u) = -10*u + 550. Determine i(45).
100
Let w(f) = 44*f + 70. Determine w(-10).
-370
Let h(g) = -g**2 - 4806*g - 14428. Give h(-3).
-19
Let f(s) = -626*s + 2508. What is f(4)?
4
Let n(z) = 36*z + 805. Give n(-46).
-851
Let b(f) = f**3 - 11*f**2 + 21*f + 31. Calculate b(5).
-14
Let y(d) = 26*d + 979. What is y(-38)?
-9
Let h(t) = -10*t - 8. Determine h(-2).
12
Let l(z) = 87*z - 364. Determine l(8).
332
Let n(k) = -k**3 - 10*k**2 + 83*k + 830. Determine n(-9).
2
Let g(s) = -9*s - 78. Calculate g(-20).
102
Let h(r) = 1182*r - 5912. Calculate h(5).
-2
Let v(u) = u**3 + 30*u**2 + 29*u - 31. Determine v(-29).
-31
Let x(s) = -8*s**2 + 17*s - 19. Determine x(1).
-10
Let a(i) = -150*i - 1345. Give a(-9).
5
Let h(d) = 203*d**2 + 41413*d + 196. Give h(-204).
-8
Let z(c) = 651*c + 3262. What is z(-5)?
7
Let a(f) = 16*f + 512. What is a(-35)?
-48
Let l(w) = w**3 + 11*w**2 + 9*w - 24. Give l(-12).
-276
Let q(s) = -488*s + 2349. What is q(5)?
-91
Let j(s) = -s**3 + 29*s**2 - 31*s + 902. Determine j(29).
3
Let a(k) = -k**3 + 27*k**2 + 51*k + 200. Determine a(29).
-3
Let g(f) = -31*f + 36. What is g(2)?
-26
Let l(j) = -61*j**2 - 5*j - 2. Determine l(-1).
-58
Let w(c) = c**3 + 8*c**2 - 3*c - 11. Calculate w(-8).
13
Let z(v) = v**2 + 76*v + 1287. Determine z(-28).
-57
Let s(j) = -229*j - 2752. Give s(-12).
-4
Let d(j) = 3*j**2 + 77*j - 27. Calculate d(-26).
-1
Let k(a) = 148*a**2 + 143*a - 2. Determine k(-1).
3
Let f(p) = -53*p + 186. Calculate f(3).
27
Let u(h) = -117*h + 2007. Calculate u(12).
603
Let n(y) = -237*y - 3024. Determine n(-13).
57
Let n(v) = -183*v + 908. Determine n(5).
-7
Let w(u) = -15*u - 1132. Give w(-47).
-427
Let q(t) = -295*t**2 + 20*t + 11. Give q(-1).
-304
Let v(f) = 7*f + 167. What is v(-23)?
6
Let h(l) = l**2 - 6*l + 24. Determine h(12).
96
Let j(d) = -3*d**2 - 54*d - 233. Give j(-12).
-17
Let o(p) = -2*p**3 - 16*p**2 - 27*p + 8. What is o(-8)?
224
Let t(p) = p**3 - 7*p**2 + 4*p + 22. Determine t(4).
-10
Let w(d) = 105*d + 7239. Determine w(-69).
-6
Let v(p) = 200*p + 793. What is v(-4)?
-7
Let w(f) = 6*f**3 + 44*f**2 + 13*f + 14. Determine w(-7).
21
Let z(m) = 13*m - 474. What is z(44)?
98
Let n(y) = -y**2 + 43*y + 57. Give n(43).
57
Let v(a) = -a**2 + 24*a + 189. Determine v(30).
9
Let l(i) = 3*i**2 - 28*i - 82. Calculate l(11).
-27
Let v(x) = 3*x**3 + 2*x**2 + 4*x + 71. Give v(-4).
-105
Let w(j) = 45*j + 106. What is w(-6)?
-164
Let r(l) = 4*l**2 + 51*l + 18. Calculate r(-13).
31
Let u(d) = 5*d**2 - 526*d + 1042. Calculate u(2).
10
Let o(i) = 2*i**2 + 129*i - 1099. What is o(8)?
61
Let t(a) = -2*a + 35. Give t(11).
13
Let q(y) = 15*y - 607. Give q(40).
-7
Let v(i) = -3857*i - 108006. Determine v(-28).
-10
Let o(t) = 2*t**3 - 108*t**2 + 18*t - 322. Calculate o(54).
650
Let l(m) = 7*m**3 - 84*m**2 - 83*m - 98. Calculate l(13).
6
Let w(n) = -n**3 + 11*n**2 + 62*n - 175. What is w(15)?
-145
Let k(s) = s**2 - 90*s + 587. Determine k(83).
6
Let u(x) = -x**3 - 13*x**2 + 12*x + 147. Determine u(-13).
-9
Let p(d) = -d**2 + 4*d + 29. Give p(10).
-31
Let r(n) = -n**3 - 447*n**2 + 891*n + 6. What is r(2)?
-8
Let m(u) = -61*u - 6696. Calculate m(-107).
-169
Let s(h) = 104*h**2 - 199*h - 27. What is s(2)?
-9
Let n(z) = -948*z + 931. Calculate n(1).
-17
Let s(g) = 50*g + 1222. What is s(-30)?
-278
Let g(l) = l**2 - 63*l + 981. Determine g(27).
9
Let r(u) = -4*u**2 + 44*u - 69. Calculate r(9).
3
Let z(k) = 292*k - 2617. What is z(9)?
11
Let z(x) = -21*x**3 - 3*x**2 - 5*x - 3. Determine z(-1).
20
Let v(m) = -m**2 - 10*m - 52. Give v(-9).
-43
Let h(l) = -21*l + 1382. Give h(66).
-4
Let t(l) = -l**2 + 443*l + 4074. Give t(-9).
6
Let n(u) = -u**3 - 44*u**2 + 94*u + 89. Calculate n(-46).
-3
Let r(u) = 2*u**3 + 57*u**2 - 219*u + 158. Give r(-32).
-2
Let m(i) = -i**3 - 4*i**2 + 120*i + 595. Give m(-5).
20
Let h(g) = 105*g + 1584. What is h(-15)?
9
Let g(f) = -f - 104. Give g(-1).
-103
Let c(p) = -294*p + 18142. Determine c(62).
-86
Let p(f) = 2*f**3 + 32*f**2 - 2*f - 31. Give p(-16).
1
Let k(p) = 5*p - 138. Calculate k(31).
17
Let j(r) = -274*r**2 + r - 3. What is j(1)?
-276
Let q(b) = -b**2 + 286*b - 14664. Calculate q(67).
9
Let c(b) = 1632*b + 44068. Determine c(-27).
4
Let p(j) = -5*j**3 - 3*j**2 + 36*j + 92. Determine p(-3).
92
Let t(x) = x + 35. Calculate t(-41).
-6
Let w(z) = z**3 - 6*z**2 - 27*z - 4. What is w(-3)?
-4
Let f(w) = -5*w**2 + 70*w - 216. Give f(10).
-16
Let w(p) = -741*p - 20757. Determine w(-28).
-9
Let s(w) = 2*w**3 + 7*w**2 + 11*w -